visor of 9954 and f.
126
Suppose -i = -5*j + 318, 3*j + 4*i - 69 = 131. Suppose 2*w + j - 14 = 0. Let z be 5/w + (-42)/(-10). What is the greatest common divisor of 32 and z?
4
Suppose -107 = -3*z + 7. Let j = z + -37. Let d be (-7 + -3)/(j/(-1)). What is the highest common factor of 2 and d?
2
Let t(f) = 16*f**2 - 66*f - 135. Let d be t(7). What is the highest common divisor of d and 22?
11
Let l = -7305 - -7421. Calculate the greatest common factor of 6844 and l.
116
Let d = 17 + 6. Let h(o) = o**2 - 107*o - 18799. Let w be h(202). Calculate the greatest common factor of d and w.
23
Let x(l) = 887*l + 1267. Let o be x(-1). Calculate the greatest common factor of o and 1007.
19
Let v be ((-100)/(-75))/((104/(-42))/(-13)). Let d be (2/(-1))/(1 - 2). What is the greatest common factor of v and d?
1
Suppose -38*l + 3775 = 1571. What is the greatest common divisor of l and 298?
2
Suppose -1656*t = -1662*t + 2016. What is the greatest common factor of t and 2448?
48
Let u(s) be the third derivative of s**5/20 - 9*s**4/8 + 23*s**3/6 + 11*s**2. Let k be u(10). What is the greatest common divisor of k and 53?
53
Let z(k) = -7 - 1088*k + 1091*k - 8. Let v be z(7). Let b be 1010/v - 6*(-5)/(-90). What is the greatest common divisor of b and 48?
24
Let x(j) = -45*j - 173. Let k be x(-54). Calculate the greatest common factor of 61 and k.
61
Suppose 0 = -2*a - 5*n + 84, 26*a - 23*a + 5*n - 116 = 0. Suppose 0 = -4*h - 101 + 389. What is the greatest common divisor of h and a?
8
Let v be 10*492 + 3/6*-2. Let a = -3447 + v. Calculate the greatest common divisor of 64 and a.
64
Suppose -2068 = -2*l - 3*b, -489*l - 4*b = -485*l - 4148. What is the highest common factor of 56 and l?
7
Let u = -298 + 436. Let q be (-2944)/u*(-54)/8. Calculate the greatest common divisor of q and 9.
9
Suppose -11*i + 13*i = -2*g + 310, -4*i + 629 = 3*g. What is the greatest common factor of 10414 and i?
82
Suppose 0 = -5*m + 1038 - 138. Suppose 0 = 3*k - 73 + 1. What is the highest common factor of k and m?
12
Let g be (-3)/(-2)*-10*1428/(-70). What is the greatest common factor of g and 119?
17
Let x(h) = 6*h**2 - 150*h + 7. Let l be x(25). Suppose 100 = -3*a + 592. Suppose 4*s = 88 + a. Calculate the greatest common divisor of s and l.
7
Let z be (-6 - -11)*3/3. Suppose -w + 6*g = 11*g, -5 = z*g. Suppose 0 = -8*m + w*m + 36. What is the greatest common factor of 132 and m?
12
Suppose 0*h = -2*h + 12. Let b be (-1)/3 - (-176)/h. Let l(d) = d**3 - 81*d**2 + 78*d + 392. Let w be l(80). What is the greatest common factor of w and b?
29
Let h(p) = 2*p**2 - 3*p. Suppose 17 = 2*i + 5. Let w be h(i). Let n be (-1 + 2)*(378/18 + -15). What is the greatest common factor of w and n?
6
Let b(s) = 4694*s + 23710. Let p be b(-5). Suppose 2*m + 669 = 3*o - 283, -1620 = -5*o - 5*m. Calculate the highest common factor of o and p.
80
Let u(i) = 2*i**2 - 3*i - 13. Let h = 10 + -13. Let l be 2 + 3/h - 5. Let g be u(l). Calculate the greatest common factor of g and 248.
31
Suppose 4*c - 27 = 5*n, 4*c = -5*n + 34 + 3. Let m(z) = 13*z + 9 - 6 - 35. Let i be m(c). What is the highest common factor of i and 9?
9
Let m = -83 - -81. Let j be m + 210/(-20)*(-2)/3. Suppose 25 = j*f, -4*l + f + 162 = -181. Calculate the highest common divisor of l and 116.
29
Let r = -228 + 332. Suppose 2*c - 15*c = -r. Calculate the highest common divisor of 8 and c.
8
Let b = 2275 - -1712. Suppose -1257 = 10*u - b. Calculate the highest common factor of u and 455.
91
Suppose 5*l + 0*l = 4*a + 492, -l = -a - 98. Let n = l + -103. Let m be 10/n*180/(-50). What is the highest common divisor of 156 and m?
12
Suppose -49*d + 61*d = 132. Calculate the highest common divisor of d and 2838.
11
Suppose -141309 = -40*n - 23509. What is the greatest common divisor of 190 and n?
95
Suppose -16168 = -4*i - 2*b, b + 12131 = -63*i + 66*i. Calculate the highest common divisor of i and 13.
13
Let s be (-1 - -119)*2*(-4)/16. Let n be 219/11 - s/649. Suppose 0 = -0*b + b - 4. What is the highest common factor of b and n?
4
Suppose 68 - 917 - 87 = 26*n. Suppose o + 26 = -5*z - 40, 264 = -4*o - 4*z. Let m = n - o. Calculate the highest common divisor of 40 and m.
10
Suppose 9973*t + 23188 = 10655*t. Suppose -2*d = -0*d - 34. Calculate the greatest common factor of t and d.
17
Let g(y) = -2*y + 36. Let k be g(15). Suppose -2*q = 10, -k*f + 3*f = q - 19. What is the highest common divisor of f and 152?
8
Suppose -14*c = -16*c + 8, 4*c = 3*o + 10. Calculate the greatest common divisor of 338 and o.
2
Let o be 11 + (-15 - -7 - (-12)/3). What is the highest common factor of o and 1673?
7
Let g = 8212 + -4922. What is the greatest common divisor of 1175 and g?
235
Let y be (-19)/(-57) - 14/(-3). Let d(x) = -3*x + y*x + 68 - 85. Let i be d(19). Calculate the greatest common factor of i and 14.
7
Let d = 32448 + -30164. Calculate the greatest common divisor of 4 and d.
4
Suppose -58*r + 584 + 402 = 0. Suppose 2*t = -20 + 190. What is the highest common divisor of r and t?
17
Let r = -453 - -398. Suppose 0 = -5*t, 5*t + 62 = -2*x + 3*x. Let g = x + r. What is the greatest common factor of g and 7?
7
Let p(s) = -4*s + s - 17 - 10 + 10*s. Let z be p(4). What is the greatest common factor of 19 and z?
1
Let o = 870 + -309. Suppose -1539 = -10*s + o. What is the highest common divisor of 90 and s?
30
Let u be (-60)/(-14) - (-9)/((-189)/6). Suppose 0 = u*f + f. Suppose -q - 8 + 17 = f. What is the greatest common factor of 27 and q?
9
Let r be (-25890)/(-270) - (-1)/9. What is the highest common factor of r and 3984?
48
Let d be 1*76 + (29 - 30). Suppose 0*k - k + 4*s = -11, 6 = 4*k + 3*s. Calculate the highest common divisor of k and d.
3
Let x be ((-2676)/(-44) - (-2)/11)*9. Let y be x - (3 + 2)/(-5). Suppose p + 4*p - y = 0. Calculate the greatest common divisor of p and 10.
10
Suppose -73*x + 7040 = -69*x. Suppose -3*z = 5*z - x. What is the highest common divisor of 40 and z?
20
Let t = -4816 - -6424. Calculate the highest common divisor of t and 24.
24
Suppose 4*j = -2*b + 39 + 75, -5*b = 4*j - 297. Let p = 85 - b. Let o = 202 - 142. What is the highest common factor of p and o?
12
Suppose 6632 + 23827 = 33*a. Calculate the greatest common factor of a and 39.
13
Let i be 0/(2/6 - (-12)/(-9)). Suppose i = -4*p - 0*p - x + 49, -55 = -5*p + 5*x. What is the greatest common factor of 18 and p?
6
Let j = 43 + 25. Let o = 380 - 300. Let p = o - j. Calculate the highest common divisor of p and 204.
12
Let t = -11102 + 11193. What is the greatest common factor of 12 and t?
1
Suppose -22 = 6*o - 40. Suppose -p - q = -6*q + 4, -3*p + 60 = o*q. Calculate the greatest common factor of p and 48.
16
Suppose 5*u = -23*j + 20*j + 6409, 4*u - 32 = 0. Calculate the highest common factor of 77 and j.
11
Let g be 6/(-21) - 257469/(-399). What is the highest common divisor of g and 15?
15
Let m be 1*(15 - 2/2). Let u be 39 + -1 - (-6 - 0)/(-1). Suppose 0 = -3*b - m + u. What is the highest common divisor of b and 30?
6
Suppose -325*h = -35*h - 907990. What is the highest common factor of 31 and h?
31
Suppose 5*t + 5*q + 15 = 0, -3*t - q - 17 = -6*q. Let l be -18*1*(t - 0). What is the greatest common divisor of 8 and l?
8
Let b = -197 - -197. Suppose 14*f + b*f = 140. What is the greatest common factor of f and 2030?
10
Suppose -q - 12*b = -8*b - 104, -332 = -3*q - 2*b. What is the greatest common factor of 266 and q?
14
Suppose 0 = 7041*r - 7047*r + 198. What is the highest common factor of r and 605?
11
Let m(d) = d**3 + 7*d**2 + 3*d - 6. Let n be (-2580)/54 + 5 - 4/18. Let j = n - -38. Let q be m(j). Calculate the highest common divisor of 29 and q.
29
Let c(k) = 21*k**2 - 50 + 52 - 20*k**2 - 13*k. Let d = -2 - -16. Let b be c(d). What is the highest common divisor of b and 16?
16
Let a = 91 + -88. Suppose -37 = 4*s - 2*w - 3*w, 4*s = a*w - 43. Let z be 1 + 1 + (-39)/s. Calculate the greatest common factor of z and 25.
5
Let a = 433 - 251. Let d = a - 127. Suppose -5*t + 4*p + 71 = 0, 3*p = -p - 16. Calculate the highest common factor of t and d.
11
Let s(a) = -a**3 + 3*a**2 - 2. Let i be s(-2). Let u = 153 - 151. What is the greatest common factor of i and u?
2
Let a(t) = 3*t**3 - 9*t + 2. Let f be a(6). Let s be f/6 - 10/30. What is the highest common factor o